**3 - 107*h**2. Let i be g(6). Calculate the greatest common divisor of i and 258.
6
Suppose z - 2*m = -0*z + 46, -3*m - 95 = -2*z. Suppose r - 5*k + 16 - 54 = 0, -4*r + 5*k = -77. What is the greatest common factor of z and r?
13
Suppose 3*n - 56 = -11. Let b = -265 - 92. Let a = -192 - b. What is the greatest common divisor of a and n?
15
Let i = -198 - -33. Let q be 4/10*i/(-22). Suppose 43 = 3*x - 5*c, 0 = -q*c + 2*c - 5. What is the greatest common divisor of 3 and x?
3
Let g(y) = y**3 + 27*y**2 + 29*y + 37. Let s be g(-18). Calculate the greatest common divisor of 286 and s.
143
Suppose -3*i + 279 = -5*y, -y + 64 - 529 = -5*i. Calculate the highest common factor of 7347 and i.
93
Suppose 0 = 2*r + 3*l - 1, 3*r + 4*l - 2 = 2. Suppose -8*c - 37240 = -103*c. What is the greatest common factor of c and r?
8
Let k = 31 + 137. Let l = 192 - k. Calculate the greatest common divisor of l and 3.
3
Let u(n) = 33*n**2 - 5*n + 10. Let l(x) = -16*x**2 + 2*x - 5. Let z(a) = 5*l(a) + 3*u(a). Let i be z(1). Calculate the highest common factor of i and 19.
19
Suppose -4*h = -2*n + 9 + 3563, 2*h = -10. What is the greatest common factor of 1628 and n?
148
Let r be (-2)/(-12) - (-1681)/410*105/9. What is the highest common divisor of 392 and r?
8
Suppose -3*d - 2*u = -71, u - 2*u = -d + 27. Suppose 26*w - d*w = 0, 0 = 3*z - 3*w - 2601. What is the highest common factor of 51 and z?
51
Let l = 691 - 427. Let o = 1 + 6. Let s(i) = 3*i + 3. Let z be s(o). Calculate the highest common divisor of z and l.
24
Suppose -3188 = -2*y - 2*w, 2*w + 4380 = 2*y + 1176. Calculate the highest common factor of 238 and y.
34
Let q = 250 + -221. Suppose 0 = -7*w + q*w - 2552. What is the greatest common divisor of 87 and w?
29
Let y = -5 + 173. Let f be (-6 + 0)*49/(-14). Calculate the highest common divisor of f and y.
21
Suppose -5*n + 4*d = -7, -3*n + 3*d + 6 = n. Suppose -5*k + 211 = 5*b + 36, 0 = -n*b + 3. What is the greatest common factor of 17 and k?
17
Suppose -10*a - 2 = -32. Let y(k) = -k**2 + 8*k + 1. Let p be y(a). Let x be (143/(-4))/(60/p + -4). What is the greatest common factor of x and 13?
13
Suppose 0 = -12*m + 27 - 3. Suppose 3*c - c = -m*r + 310, 3*c - r - 481 = 0. Calculate the greatest common divisor of 106 and c.
53
Let x be (-44)/(-7) + (-2)/7. Let i be 96/10*(-4)/14*980/(-112). What is the greatest common factor of i and x?
6
Let t be (-6)/10 - 3132/(-20). Let f(c) = -2*c**3 + 259*c**2 - 120*c - 966. Let j be f(129). What is the highest common factor of t and j?
39
Suppose 25*w - 19952 - 47046 = -5348. Calculate the highest common factor of 306 and w.
18
Let m = -13292 + 23532. Calculate the highest common factor of m and 50.
10
Suppose -29*o - 7*o + 256 = 28*o. Let f = -566 + 846. Suppose o*v = -v + f. Calculate the highest common divisor of v and 14.
14
Let b = -6662 - -7365. Calculate the highest common divisor of b and 407.
37
Let w(g) = -127*g**2 + 772*g + 12. Let h be w(6). What is the highest common factor of h and 441?
9
Suppose 0 = 21*k - 2*h - 11283, -3*h + 6 - 15 = 0. Calculate the greatest common factor of k and 2.
1
Let a(u) = -11*u**3 - u**2 - 2*u + 2. Let q be a(1). Let b be (1/(q/153))/(1/4). Let r = 53 + b. What is the greatest common factor of 2 and r?
2
Let h be -23*3/(-3) - -1. Let a = 265 + -193. Suppose a = 14*r - 8*r. Calculate the greatest common factor of r and h.
12
Let c(d) = -5*d + 4. Let p be c(0). Suppose -10 = -5*a, -4*a + a = p*q - 330. Calculate the greatest common divisor of q and 27.
27
Let l(k) = k**2 - 2*k + 12. Let y be l(8). Let i(d) = 21*d - 2460. Let b be i(120). What is the greatest common factor of b and y?
60
Suppose -10*s + 23 = 5*l - 4*s, -3*s + 14 = 5*l. Calculate the greatest common factor of 512 and l.
1
Let m be ((-41819)/(-4047))/((-2)/(-10)*(-5)/(-18)). Calculate the greatest common factor of 3 and m.
3
Suppose 2*s = 8*u - 4*u + 6, 0 = 3*u + 2*s + 22. Let n be 0/(-1 + 2) + (42 - u). Let f = 491 + -123. What is the highest common divisor of f and n?
46
Let w(l) = -160 + l**3 - 3*l - l**2 - 2*l + 182 + 0*l**3. Let n be w(0). What is the greatest common factor of 88 and n?
22
Let t(h) = 6*h**2 - 25*h + 9. Let v be t(10). Let s = v + -120. Suppose 2*n - 3*r = 282, 4*n - 5*r + s = 799. What is the highest common factor of n and 15?
15
Let p = -1704 + 1716. Calculate the highest common divisor of 1686 and p.
6
Let y = 567 - 562. Suppose -9*z - 2*w + 40 = -y*z, -2*z + 3*w + 20 = 0. What is the greatest common factor of 35 and z?
5
Let r = 1862 + -687. Suppose -307 = 2*y - r. Calculate the highest common divisor of 14 and y.
14
Let j be -30 - -57 - (-3 + 0 + 2 + -1). Calculate the highest common divisor of j and 10237.
29
Suppose 2*q - 5*t - 911 = 0, 5*q - 2200 = 36*t - 39*t. Let n = 772 + q. What is the greatest common factor of 45 and n?
45
Let t = 23053 - 22666. Calculate the highest common divisor of t and 1677.
129
Suppose 0 = 3*b + 5*s + 2438 - 6427, 2*b + 4*s - 2660 = 0. What is the greatest common divisor of b and 96?
16
Let u = 1118 + 4247. What is the highest common factor of 58 and u?
29
Suppose 21 = o + 2*a, a + 3*a + 8 = 0. Suppose 536 = 3*i - 2*x, 0*x + o = 5*x. Calculate the greatest common divisor of i and 14.
14
Let b = 9705 + -9395. What is the highest common divisor of 30 and b?
10
Let x = -5352 - -6498. What is the highest common factor of x and 18?
6
Let c(p) = p**2 + 8*p + 9. Let g be c(-7). Let o be (g/2)/((-2)/(-4)). Let l be ((-360)/210)/((6/(-28))/1). What is the greatest common factor of l and o?
2
Let s = 4460 + -4205. What is the greatest common divisor of s and 15?
15
Let f(g) = -272*g**3 - 11*g**2 - 9*g - 5. Let h be f(-2). What is the greatest common divisor of h and 132?
33
Suppose 13 = t + k, 4*k + 7 = -t - k. Suppose 2*w - 676 = -5*b - t, 4*w = -b + 1298. Let p = w + -162. Calculate the highest common factor of p and 18.
18
Suppose 2*s - 4*a = 22, 505*s - 508*s - 3*a = -60. Let g(v) = -10*v**3 + 4*v**2 + 2*v + 1. Let h be g(-4). Calculate the greatest common factor of s and h.
17
Suppose -f + 189 = -s, -5*f = -5*s + 7*s - 952. Let d = 204 - f. Calculate the highest common divisor of 154 and d.
14
Let i be (-2)/(-4)*(3 + 17). Let d(o) = -81*o**3 + 0 - 7*o**2 + 5*o**2 + 1. Let c be d(-1). Calculate the greatest common factor of i and c.
10
Let w(h) = 2*h + 12. Let c be w(-6). Suppose c = g - 3. Let n be (6/(-4))/(-4*(-3)/(-48)). Calculate the highest common divisor of n and g.
3
Let a(o) = 3*o**2. Let q(m) = -7*m**2 + 8*m - 30. Let r(t) = -2*a(t) - q(t). Let g be r(-7). What is the greatest common divisor of g and 108?
27
Let q = 3126 - 1500. What is the highest common factor of 6 and q?
6
Let w be -4*(-10)/(-5)*-5. Let d = w - 38. Suppose -2*p + 5*p = d*x - 27, -2*p = x - 10. Calculate the highest common factor of 60 and x.
12
Suppose 85*n + 60 = 89*n. Suppose -n*v + 966 = -v. Calculate the highest common divisor of 23 and v.
23
Let m(h) = h**3 - h**2 - 27*h + 36. Let p be m(6). What is the greatest common factor of 384 and p?
6
Let w be 12 + (-261)/81 + 0 + (-4)/(-18). What is the greatest common divisor of 2691 and w?
9
Let v(t) = 18*t**2 + 16*t + 23. Let l be v(-6). Let i = l + -479. Suppose 5*d = 18 + 42. Calculate the highest common factor of d and i.
12
Let g be 104/(-28) + 4 + (-4)/14. Suppose 4*a - 265 + 73 = g. Suppose a = -64*j + 67*j. Calculate the greatest common divisor of 56 and j.
8
Suppose 0 = -2*g + 3*g - 2*x - 18, 3*g + 2*x - 62 = 0. Suppose 4*c = 12*u - 11*u - 424, u + 4*c = 496. Calculate the highest common divisor of u and g.
20
Let w(y) = -72*y**2 - 19874*y - 486. Let j be w(-276). Suppose -4*k = -5*k + 18. Calculate the greatest common factor of k and j.
6
Let c be (3 - 1) + 4/((66/4697)/3). What is the highest common divisor of 48 and c?
8
Let z be (-1)/(-2)*0/(21 - 9). Suppose 3*o = 3*m + 45, z = 8*o - 9*o - m + 15. What is the highest common factor of 24 and o?
3
Let z be (1 - 56/(-7)) + 1. Calculate the highest common divisor of z and 178.
2
Let j(z) = -17*z + 3*z**2 - 4*z**2 - 56236 + 56169. Let g be j(-8). Let t = -39 + 64. What is the greatest common factor of g and t?
5
Let d = 69 - 35. Suppose 85 = 4*c + j, 4*j - d + 114 = 4*c. Let q = 25 - -59. Calculate the highest common factor of c and q.
21
Let i be (-10416)/(-31) - (-15)/3. Suppos